

{"id":136,"date":"2017-11-13T20:42:48","date_gmt":"2017-11-13T22:42:48","guid":{"rendered":"https:\/\/shortmotorsport.com\/loja\/wordpress\/?page_id=136"},"modified":"2020-11-03T20:53:47","modified_gmt":"2020-11-03T23:53:47","slug":"136-2","status":"publish","type":"page","link":"https:\/\/shortmotorsport.com\/loja\/","title":{"rendered":"Inicio"},"content":{"rendered":"<div id=\"metaslider-id-1298\" style=\"max-width: 2100px;\" class=\"ml-slider-3-62-0 metaslider metaslider-nivo metaslider-1298 ml-slider ms-theme-default\" role=\"region\" aria-roledescription=\"Slideshow\" aria-label=\"com texto\">\n    <div id=\"metaslider_container_1298\">\n        <div class='slider-wrapper theme-default'><div class='ribbon'><\/div><div id='metaslider_1298' class='nivoSlider'><img loading=\"lazy\" decoding=\"async\" src=\"https:\/\/shortmotorsport.com\/loja\/wp-content\/uploads\/2019\/05\/n1-2100x810.jpg\" height=\"810\" width=\"2100\" title=\"n1\" alt=\"\" class=\"slider-1298 slide-1304\" \/><img loading=\"lazy\" decoding=\"async\" src=\"https:\/\/shortmotorsport.com\/loja\/wp-content\/uploads\/2019\/05\/n2-2100x810.jpg\" height=\"810\" width=\"2100\" title=\"n2\" alt=\"\" class=\"slider-1298 slide-1305\" \/><img loading=\"lazy\" decoding=\"async\" src=\"https:\/\/shortmotorsport.com\/loja\/wp-content\/uploads\/2019\/05\/n3n-2100x810.jpg\" height=\"810\" width=\"2100\" title=\"n3n\" alt=\"\" class=\"slider-1298 slide-1306\" \/><\/div><\/div>\n        \n    <\/div>\n<\/div>\n<h3>Mais vendidos<\/h3>\n<p><div class=\"woocommerce columns-4 \"><ul class=\"products columns-4\">\n<li class=\"product type-product post-236 status-publish first instock product_cat-universal has-post-thumbnail shipping-taxable purchasable product-type-simple\">\n\t<a href=\"https:\/\/shortmotorsport.com\/loja\/produto\/bolha-universal-policarbonato-cristal-com-defletor-regulavel\/\" class=\"woocommerce-LoopProduct-link woocommerce-loop-product__link\"><img loading=\"lazy\" decoding=\"async\" width=\"324\" height=\"432\" src=\"https:\/\/shortmotorsport.com\/loja\/wp-content\/uploads\/2017\/12\/frente-uni-defle-jp-sem-moldura-324x432.jpg\" class=\"attachment-woocommerce_thumbnail size-woocommerce_thumbnail\" alt=\"\" \/><h2 class=\"woocommerce-loop-product__title\">Bolha Universal Policarbonato Cristal com Defletor Regul\u00e1vel<\/h2><div class=\"star-rating\" role=\"img\" aria-label=\"Avalia\u00e7\u00e3o 4.67 de 5\"><span style=\"width:93.4%\">Avalia\u00e7\u00e3o <strong class=\"rating\">4.67<\/strong> de 5<\/span><\/div>\n\t<span class=\"price\"><span class=\"woocommerce-Price-amount amount\"><bdi><span class=\"woocommerce-Price-currencySymbol\">&#82;&#36;<\/span>420,00<\/bdi><\/span><\/span>\n<\/a><a href=\"?add-to-cart=236\" data-quantity=\"1\" class=\"button product_type_simple add_to_cart_button ajax_add_to_cart\" data-product_id=\"236\" data-product_sku=\"\" aria-label=\"Add to cart: &ldquo;Bolha Universal Policarbonato Cristal com Defletor Regul\u00e1vel&rdquo;\" aria-describedby=\"\" rel=\"nofollow\">Comprar<\/a><\/li>\n<li class=\"product type-product post-3507 status-publish instock product_cat-lander has-post-thumbnail shipping-taxable purchasable product-type-simple\">\n\t<a href=\"https:\/\/shortmotorsport.com\/loja\/produto\/bolha-ou-para-brisa-em-policarbonato-4-mm-cristal-com-defletor-lander-250-abs\/\" class=\"woocommerce-LoopProduct-link woocommerce-loop-product__link\"><img loading=\"lazy\" decoding=\"async\" width=\"324\" height=\"432\" src=\"https:\/\/shortmotorsport.com\/loja\/wp-content\/uploads\/2022\/07\/lander-cristal-defletor-324x432.jpg\" class=\"attachment-woocommerce_thumbnail size-woocommerce_thumbnail\" alt=\"\" \/><h2 class=\"woocommerce-loop-product__title\">Bolha ou para-brisa em Policarbonato 4 Mm Cristal Com Defletor Lander 250 Abs<\/h2>\n\t<span class=\"price\"><span class=\"woocommerce-Price-amount amount\"><bdi><span class=\"woocommerce-Price-currencySymbol\">&#82;&#36;<\/span>750,00<\/bdi><\/span><\/span>\n<\/a><a href=\"?add-to-cart=3507\" data-quantity=\"1\" class=\"button product_type_simple add_to_cart_button ajax_add_to_cart\" data-product_id=\"3507\" data-product_sku=\"\" aria-label=\"Add to cart: &ldquo;Bolha ou para-brisa em Policarbonato 4 Mm Cristal Com Defletor Lander 250 Abs&rdquo;\" aria-describedby=\"\" rel=\"nofollow\">Comprar<\/a><\/li>\n<li class=\"product type-product post-87 status-publish instock product_cat-bmw-g650 has-post-thumbnail sale shipping-taxable purchasable product-type-simple\">\n\t<a href=\"https:\/\/shortmotorsport.com\/loja\/produto\/bolha-alta-policarbonato-bmw-g650-gs-com-defletor\/\" class=\"woocommerce-LoopProduct-link woocommerce-loop-product__link\"><img loading=\"lazy\" decoding=\"async\" width=\"324\" height=\"432\" src=\"https:\/\/shortmotorsport.com\/loja\/wp-content\/uploads\/2017\/11\/bmw-andre-324x432.jpg\" class=\"attachment-woocommerce_thumbnail size-woocommerce_thumbnail\" alt=\"\" srcset=\"https:\/\/shortmotorsport.com\/loja\/wp-content\/uploads\/2017\/11\/bmw-andre-324x432.jpg 324w, https:\/\/shortmotorsport.com\/loja\/wp-content\/uploads\/2017\/11\/bmw-andre-250x333.jpg 250w\" sizes=\"(max-width: 324px) 100vw, 324px\" \/><h2 class=\"woocommerce-loop-product__title\">Bolha Alta Policarbonato BMW G650 Gs com Defletor<\/h2>\n\t<span class=\"onsale\">Oferta!<\/span>\n\t\n\t<span class=\"price\"><del aria-hidden=\"true\"><span class=\"woocommerce-Price-amount amount\"><bdi><span class=\"woocommerce-Price-currencySymbol\">&#82;&#36;<\/span>495,00<\/bdi><\/span><\/del> <ins><span class=\"woocommerce-Price-amount amount\"><bdi><span class=\"woocommerce-Price-currencySymbol\">&#82;&#36;<\/span>460,00<\/bdi><\/span><\/ins><\/span>\n<\/a><a href=\"?add-to-cart=87\" data-quantity=\"1\" class=\"button product_type_simple add_to_cart_button ajax_add_to_cart\" data-product_id=\"87\" data-product_sku=\"\" aria-label=\"Add to cart: &ldquo;Bolha Alta Policarbonato BMW G650 Gs com Defletor&rdquo;\" aria-describedby=\"\" rel=\"nofollow\">Comprar<\/a><\/li>\n<li class=\"product type-product post-3603 status-publish last instock product_cat-sem-categoria product_cat-universal has-post-thumbnail shipping-taxable purchasable product-type-simple\">\n\t<a href=\"https:\/\/shortmotorsport.com\/loja\/produto\/bolha-universal-sport-com-defletor-regulavel-em-policarbonato-4mm-cristal\/\" class=\"woocommerce-LoopProduct-link woocommerce-loop-product__link\"><img loading=\"lazy\" decoding=\"async\" width=\"324\" height=\"432\" src=\"https:\/\/shortmotorsport.com\/loja\/wp-content\/uploads\/2023\/01\/sport-1-324x432.jpg\" class=\"attachment-woocommerce_thumbnail size-woocommerce_thumbnail\" alt=\"\" \/><h2 class=\"woocommerce-loop-product__title\">Bolha Universal Sport com Defletor Regul\u00e1vel  em Policarbonato 4mm cristal.<\/h2>\n\t<span class=\"price\"><span class=\"woocommerce-Price-amount amount\"><bdi><span class=\"woocommerce-Price-currencySymbol\">&#82;&#36;<\/span>420,00<\/bdi><\/span><\/span>\n<\/a><a href=\"?add-to-cart=3603\" data-quantity=\"1\" class=\"button product_type_simple add_to_cart_button ajax_add_to_cart\" data-product_id=\"3603\" data-product_sku=\"\" aria-label=\"Add to cart: &ldquo;Bolha Universal Sport com Defletor Regul\u00e1vel  em Policarbonato 4mm cristal.&rdquo;\" aria-describedby=\"\" rel=\"nofollow\">Comprar<\/a><\/li>\n<\/ul>\n<\/div><br \/>\n\t\t\t\t\t\t\t<h3 style=\"margin-bottom:20px ;display:block;width:100%;margin-top:10px\"> <\/h3>\r\n\t\t\t\t\t\t\t\t<style>\r\n\t\t\t\t\r\n\t\t\t\t\t#tab_container_356 {\r\n\toverflow:hidden;\r\n\tdisplay:block;\r\n\twidth:100%;\r\n\tborder:0px solid #ddd;\r\n\tmargin-bottom:30px;\r\n\t}\r\n\r\n#tab_container_356 .tab-content{\r\n\tpadding:20px;\r\n\tborder: 1px solid #e6e6e6 !important;\r\n\tmargin-top: 0px;\r\n\tbackground-color:#ffffff !important;\r\n\tcolor: #000000 !important;\r\n\tfont-size:16px !important;\r\n\tfont-family: Arial !important;\r\n\t\r\n\t\tborder: 1px solid #e6e6e6 !important;\r\n\t}\r\n#tab_container_356 .wpsm_nav-tabs {\r\n    border-bottom: 0px solid #ddd;\r\n}\r\n#tab_container_356 .wpsm_nav-tabs > li.active > a, #tab_container_356 .wpsm_nav-tabs > li.active > a:hover, #tab_container_356 .wpsm_nav-tabs > li.active > a:focus {\r\n\tcolor: #000000 !important;\r\n\tcursor: default;\r\n\tbackground-color: #ffffff !important;\r\n\tborder: 1px solid #e6e6e6 !important;\r\n}\r\n\r\n#tab_container_356 .wpsm_nav-tabs > li > a {\r\n    margin-right: 0px !important; \r\n    line-height: 1.42857143 !important;\r\n    border: 1px solid #c0bcbc !important;\r\n    border-radius: 0px 0px 0 0 !important; \r\n\tbackground-color: #d3cfcf !important;\r\n\tcolor: #000000 !important;\r\n\tpadding: 15px 18px 15px 18px !important;\r\n\ttext-decoration: none !important;\r\n\tfont-size: 18px !important;\r\n\ttext-align:center !important;\r\n\tfont-family: Arial !important;\r\n}\r\n#tab_container_356 .wpsm_nav-tabs > li > a:focus {\r\noutline: 0px !important;\r\n}\r\n\r\n#tab_container_356 .wpsm_nav-tabs > li > a:before {\r\n\tdisplay:none !important;\r\n}\r\n#tab_container_356 .wpsm_nav-tabs > li > a:after {\r\n\tdisplay:none !important ;\r\n}\r\n#tab_container_356 .wpsm_nav-tabs > li{\r\npadding:0px !important ;\r\nmargin:0px;\r\n}\r\n\r\n#tab_container_356 .wpsm_nav-tabs > li > a:hover , #tab_container_356 .wpsm_nav-tabs > li > a:focus {\r\n    color: #000000 !important;\r\n    background-color: #d3cfcf !important;\r\n\tborder: 1px solid #c0bcbc !important;\r\n\t\r\n}\r\n#tab_container_356 .wpsm_nav-tabs > li > a .fa{\r\n\r\nmargin-right:5px !important;\r\n\r\nmargin-left:5px !important;\r\n\r\n\r\n}\r\n\r\n\t\t#tab_container_356 .wpsm_nav-tabs a{\r\n\t\t\tbackground-image: url(https:\/\/shortmotorsport.com\/loja\/wp-content\/plugins\/tabs-responsive\/assets\/images\/style-soft.png);\r\n\t\t\tbackground-position: 0 0;\r\n\t\t\tbackground-repeat: repeat-x;\r\n\t\t}\r\n\t\t\t\r\n\r\n\r\n#tab_container_356 .wpsm_nav-tabs > li {\r\n    float: left;\r\n    margin-bottom: -1px !important;\r\n\tmargin-right:0px !important; \r\n}\r\n\r\n\r\n#tab_container_356 .tab-content{\r\noverflow:hidden !important;\r\n}\r\n\r\n\r\n@media (min-width: 769px) {\r\n\r\n\t#tab_container_356 .wpsm_nav-tabs > li{\r\n\t\tfloat:left !important ;\r\n\t\t\t\tmargin-right:-1px !important;\r\n\t\t\t\t\t}\r\n\t#tab_container_356 .wpsm_nav-tabs{\r\n\t\tfloat:none !important;\r\n\t\tmargin:0px !important;\r\n\t}\r\n\r\n\t#tab_container_356 .wpsm_nav-tabs > li {\r\n\t\t\t\t\r\n\t}\r\n\t#tab_container_356 .wpsm_nav{\r\n\t\t\t}\r\n\r\n}\r\n\r\n\r\n\r\n@media (max-width: 768px) {\r\n\t#tab_container_356 .wpsm_nav-tabs > li {\r\n\t\t\t\t\r\n\t}\r\n\t#tab_container_356 .wpsm_nav{\r\n\t\t\t}\r\n}\r\n\r\n\r\n\t.wpsm_nav-tabs li:before{\r\n\t\tdisplay:none !important;\r\n\t}\r\n\r\n\t@media (max-width: 768px) {\r\n\t\t\t\t\r\n\t\t\t\t.wpsm_nav-tabs{\r\n\t\t\tmargin-left:0px !important;\r\n\t\t\tmargin-right:0px !important; \r\n\t\t\t\r\n\t\t}\r\n\t\t\t\t#tab_container_356 .wpsm_nav-tabs > li{\r\n\t\t\tfloat:none !important;\r\n\t\t}\r\n\t\t\t\r\n\t}\t\t\t\t<\/style>\r\n\t\t\t\t<div id=\"tab_container_356\" >\r\n\t \r\n\t\t\t\t\t<ul class=\"wpsm_nav wpsm_nav-tabs\" role=\"tablist\" id=\"myTab_356\">\r\n\t\t\t\t\t\t\t\r\n\t\t\t\t\t\t\t<li role=\"presentation\"  class=\"active\"  onclick=\"do_resize()\">\r\n\t\t\t\t\t\t\t\t<a href=\"#tabs_desc_356_1\" aria-controls=\"tabs_desc_356_1\" role=\"tab\" data-toggle=\"tab\">\r\n\t\t\t\t\t\t\t\t\t\r\n\t\t\t\t\t\t\t\t\t\t\t\t\t\t\t\t\t\t\t\t\t\t\t\t\t\t\t\t\t\t\t<i class=\"fa fa-briefcase\"><\/i> \t\t\t\t\t\t\t\t\t\t\t\t\t\t\t\t\t\t\t\r\n\t\t\t\t\t\t\t\t\t\t\t\t\t\t\t\t\t\t\r\n\t\t\t\t\t\t\t\t\t<span>A Empresa<\/span>\r\n\t\t\t\t\t\t\t\t\t\r\n\t\t\t\t\t\t\t\t\t\t\t\t\t\t\t\t\t\t\r\n\t\t\t\t\t\t\t\t\t\t\t\t\t\t\t\t\t\t\t\t\r\n\t\t\t\t\t\t\t\t\t\r\n\t\t\t\t\t\t\t\t<\/a>\r\n\t\t\t\t\t\t\t<\/li>\r\n\t\t\t\t\t\t\t\r\n\t\t\t\t\t\t\t<li role=\"presentation\"  onclick=\"do_resize()\">\r\n\t\t\t\t\t\t\t\t<a href=\"#tabs_desc_356_2\" aria-controls=\"tabs_desc_356_2\" role=\"tab\" data-toggle=\"tab\">\r\n\t\t\t\t\t\t\t\t\t\r\n\t\t\t\t\t\t\t\t\t\t\t\t\t\t\t\t\t\t\t\t\t\t\t\t\t\t\t\t\t\t\t<i class=\"fa fa-align-justify\"><\/i> \t\t\t\t\t\t\t\t\t\t\t\t\t\t\t\t\t\t\t\r\n\t\t\t\t\t\t\t\t\t\t\t\t\t\t\t\t\t\t\r\n\t\t\t\t\t\t\t\t\t<span>Para-brisas e bolhas para Motocicletas<\/span>\r\n\t\t\t\t\t\t\t\t\t\r\n\t\t\t\t\t\t\t\t\t\t\t\t\t\t\t\t\t\t\r\n\t\t\t\t\t\t\t\t\t\t\t\t\t\t\t\t\t\t\t\t\r\n\t\t\t\t\t\t\t\t\t\r\n\t\t\t\t\t\t\t\t<\/a>\r\n\t\t\t\t\t\t\t<\/li>\r\n\t\t\t\t\t\t\t\t\t\t\t <\/ul>\r\n\r\n\t\t\t\t\t  <!-- Tab panes -->\r\n\t\t\t\t\t  <div class=\"tab-content\" id=\"tab-content_356\">\r\n\t\t\t\t\t\t\t\t\t\t\t\t <div role=\"tabpanel\" class=\"tab-pane  in active \" id=\"tabs_desc_356_1\">\r\n\t\t\t\t\t\t\t\t<p style=\"text-align: justify; font: 16px arial; line-height: 200%\">A\u00a0SHORT MOTORSPORT\u00a0iniciou suas atividades em 2011, com novas propostas para\u00a0desenvolvimento, produ\u00e7\u00e3o e comercializa\u00e7\u00e3o de produtos para competi\u00e7\u00e3o automobil\u00edstica e bolhas para motos. Nosso design e engenharia tem mais de 30 anos de experi\u00eancia no desenvolvimento de projetos atividade em diversas \u00e1reas.<\/p>\t\t\t\t\t\t <\/div>\r\n\t\t\t\t\t\t\t\t\t\t\t\t <div role=\"tabpanel\" class=\"tab-pane \" id=\"tabs_desc_356_2\">\r\n\t\t\t\t\t\t\t\t<p style=\"text-align: justify; font: 16px arial; line-height: 200%\"> Nossa linha de para-brisas e bolhas para motocicletas \u00e9 desenvolvida visando m\u00e1xima qualidade, desempenho, facilidade de instala\u00e7\u00e3o, seguran\u00e7a na utiliza\u00e7\u00e3o\u00a0dentro de processos de produ\u00e7\u00e3o otimizados, para oferecermos produtos de melhor custo benef\u00edcio do mercado.\r\nSomos por exemplo os primeiros e \u00fanicos fabricantes no Brasil de bolhas em\u00a0POLICARBONATO na espessura de at\u00e9 6\u00a0mm,\u00a0em fun\u00e7\u00e3o da grande dificuldade t\u00e9cnica que existe para moldar este pol\u00edmero nesta espessura, mas, que enfrentamos com sucesso e\u00a0que conferem ao nosso produto acabado, excepcional qualidade e resist\u00eancia.\u00a0\r\n\u00a0Com a instala\u00e7\u00e3o de um t\u00fanel de vento, m\u00e1quinas CNC, scanner 3D,\u00a0impressora 3D\u00a0e outras, contamos com \u00a0importantes ferramentas para o desenvolvimento dos projetos e aperfei\u00e7oamento de nossos produtos\r\n\r\n\u00a0Nosso neg\u00f3cio \u00e9 inova\u00e7\u00e3o. DESIGNED FOR SPEED.<\/p>\t\t\t\t\t\t <\/div>\r\n\t\t\t\t\t\t\t\r\n\t\t\t\t\t <\/div>\r\n\t\t\t\t\t \r\n\t\t\t\t <\/div>\r\n <script>\r\n\t\tjQuery(function () {\r\n\t\t\tjQuery('#myTab_356 a:first').tab('show')\r\n\t\t});\r\n\t\t\r\n\t\t\t\tjQuery(function(){\r\n\t\t\tvar b=\"fadeIn\";\r\n\t\t\tvar c;\r\n\t\t\tvar a;\r\n\t\t\td(jQuery(\"#myTab_356 a\"),jQuery(\"#tab-content_356\"));function d(e,f,g){\r\n\t\t\t\te.click(function(i){\r\n\t\t\t\t\ti.preventDefault();\r\n\t\t\t\t\tjQuery(this).tab(\"show\");\r\n\t\t\t\t\tvar h=jQuery(this).data(\"easein\");\r\n\t\t\t\t\tif(c){c.removeClass(a);}\r\n\t\t\t\t\tif(h){f.find(\"div.active\").addClass(\"animated \"+h);a=h;}\r\n\t\t\t\t\telse{if(g){f.find(\"div.active\").addClass(\"animated \"+g);a=g;}else{f.find(\"div.active\").addClass(\"animated \"+b);a=b;}}c=f.find(\"div.active\");\r\n\t\t\t\t});\r\n\t\t\t}\r\n\t\t});\r\n\t\t\r\n\r\n\t\tfunction do_resize(){\r\n\r\n\t\t\tvar width=jQuery( '.tab-content .tab-pane iframe' ).width();\r\n\t\t\tvar height=jQuery( '.tab-content .tab-pane iframe' ).height();\r\n\r\n\t\t\tvar toggleSize = true;\r\n\t\t\tjQuery('iframe').animate({\r\n\t\t\t    width: toggleSize ? width : 640,\r\n\t\t\t    height: toggleSize ? height : 360\r\n\t\t\t  }, 250);\r\n\r\n\t\t\t  toggleSize = !toggleSize;\r\n\t\t}\r\n\r\n\r\n\t<\/script>\r\n\t\t\t\t\r\n\t\t\t<\/p>\n","protected":false},"excerpt":{"rendered":"<p>Mais vendidos<\/p>\n","protected":false},"author":1,"featured_media":0,"parent":0,"menu_order":0,"comment_status":"closed","ping_status":"closed","template":"","meta":{"footnotes":""},"yoast_head":"<!-- This site is optimized with the Yoast SEO plugin v22.2 - https:\/\/yoast.com\/wordpress\/plugins\/seo\/ -->\n<title>Inicio -<\/title>\n<meta name=\"description\" content=\"Somos os maiores fabricantes de bolhas e para-brisas para motos do Brasil! Venha conhecer nossa loja e encontre o modelo ideal para sua moto.\" \/>\n<meta name=\"robots\" content=\"index, follow, max-snippet:-1, max-image-preview:large, max-video-preview:-1\" \/>\n<link rel=\"canonical\" href=\"https:\/\/shortmotorsport.com\/loja\/\" \/>\n<meta property=\"og:locale\" content=\"pt_BR\" \/>\n<meta property=\"og:type\" content=\"article\" \/>\n<meta property=\"og:title\" content=\"Inicio -\" \/>\n<meta property=\"og:description\" content=\"Somos os maiores fabricantes de bolhas e para-brisas para motos do Brasil! Venha conhecer nossa loja e encontre o modelo ideal para sua moto.\" \/>\n<meta property=\"og:url\" content=\"https:\/\/shortmotorsport.com\/loja\/\" \/>\n<meta property=\"article:publisher\" content=\"https:\/\/www.facebook.com\/shortmotorsport\/\" \/>\n<meta property=\"article:modified_time\" content=\"2020-11-03T23:53:47+00:00\" \/>\n<meta name=\"twitter:card\" content=\"summary_large_image\" \/>\n<script type=\"application\/ld+json\" class=\"yoast-schema-graph\">{\"@context\":\"https:\/\/schema.org\",\"@graph\":[{\"@type\":\"WebPage\",\"@id\":\"https:\/\/shortmotorsport.com\/loja\/\",\"url\":\"https:\/\/shortmotorsport.com\/loja\/\",\"name\":\"Inicio -\",\"isPartOf\":{\"@id\":\"https:\/\/shortmotorsport.com\/loja\/#website\"},\"datePublished\":\"2017-11-13T22:42:48+00:00\",\"dateModified\":\"2020-11-03T23:53:47+00:00\",\"description\":\"Somos os maiores fabricantes de bolhas e para-brisas para motos do Brasil! Venha conhecer nossa loja e encontre o modelo ideal para sua moto.\",\"breadcrumb\":{\"@id\":\"https:\/\/shortmotorsport.com\/loja\/#breadcrumb\"},\"inLanguage\":\"pt-BR\",\"potentialAction\":[{\"@type\":\"ReadAction\",\"target\":[\"https:\/\/shortmotorsport.com\/loja\/\"]}]},{\"@type\":\"BreadcrumbList\",\"@id\":\"https:\/\/shortmotorsport.com\/loja\/#breadcrumb\",\"itemListElement\":[{\"@type\":\"ListItem\",\"position\":1,\"name\":\"In\u00edcio\",\"item\":\"https:\/\/shortmotorsport.com\/loja\/\"},{\"@type\":\"ListItem\",\"position\":2,\"name\":\"Inicio\"}]},{\"@type\":\"WebSite\",\"@id\":\"https:\/\/shortmotorsport.com\/loja\/#website\",\"url\":\"https:\/\/shortmotorsport.com\/loja\/\",\"name\":\"\",\"description\":\"\",\"publisher\":{\"@id\":\"https:\/\/shortmotorsport.com\/loja\/#organization\"},\"potentialAction\":[{\"@type\":\"SearchAction\",\"target\":{\"@type\":\"EntryPoint\",\"urlTemplate\":\"https:\/\/shortmotorsport.com\/loja\/?s={search_term_string}\"},\"query-input\":\"required name=search_term_string\"}],\"inLanguage\":\"pt-BR\"},{\"@type\":\"Organization\",\"@id\":\"https:\/\/shortmotorsport.com\/loja\/#organization\",\"name\":\"Short Motorsport\",\"url\":\"https:\/\/shortmotorsport.com\/loja\/\",\"logo\":{\"@type\":\"ImageObject\",\"inLanguage\":\"pt-BR\",\"@id\":\"https:\/\/shortmotorsport.com\/loja\/#\/schema\/logo\/image\/\",\"url\":\"https:\/\/shortmotorsport.com\/loja\/wp-content\/uploads\/2017\/11\/logo.png\",\"contentUrl\":\"https:\/\/shortmotorsport.com\/loja\/wp-content\/uploads\/2017\/11\/logo.png\",\"width\":500,\"height\":96,\"caption\":\"Short Motorsport\"},\"image\":{\"@id\":\"https:\/\/shortmotorsport.com\/loja\/#\/schema\/logo\/image\/\"},\"sameAs\":[\"https:\/\/www.facebook.com\/shortmotorsport\/\"]}]}<\/script>\n<!-- \/ Yoast SEO plugin. -->","yoast_head_json":{"title":"Inicio -","description":"Somos os maiores fabricantes de bolhas e para-brisas para motos do Brasil! Venha conhecer nossa loja e encontre o modelo ideal para sua moto.","robots":{"index":"index","follow":"follow","max-snippet":"max-snippet:-1","max-image-preview":"max-image-preview:large","max-video-preview":"max-video-preview:-1"},"canonical":"https:\/\/shortmotorsport.com\/loja\/","og_locale":"pt_BR","og_type":"article","og_title":"Inicio -","og_description":"Somos os maiores fabricantes de bolhas e para-brisas para motos do Brasil! Venha conhecer nossa loja e encontre o modelo ideal para sua moto.","og_url":"https:\/\/shortmotorsport.com\/loja\/","article_publisher":"https:\/\/www.facebook.com\/shortmotorsport\/","article_modified_time":"2020-11-03T23:53:47+00:00","twitter_card":"summary_large_image","schema":{"@context":"https:\/\/schema.org","@graph":[{"@type":"WebPage","@id":"https:\/\/shortmotorsport.com\/loja\/","url":"https:\/\/shortmotorsport.com\/loja\/","name":"Inicio -","isPartOf":{"@id":"https:\/\/shortmotorsport.com\/loja\/#website"},"datePublished":"2017-11-13T22:42:48+00:00","dateModified":"2020-11-03T23:53:47+00:00","description":"Somos os maiores fabricantes de bolhas e para-brisas para motos do Brasil! Venha conhecer nossa loja e encontre o modelo ideal para sua moto.","breadcrumb":{"@id":"https:\/\/shortmotorsport.com\/loja\/#breadcrumb"},"inLanguage":"pt-BR","potentialAction":[{"@type":"ReadAction","target":["https:\/\/shortmotorsport.com\/loja\/"]}]},{"@type":"BreadcrumbList","@id":"https:\/\/shortmotorsport.com\/loja\/#breadcrumb","itemListElement":[{"@type":"ListItem","position":1,"name":"In\u00edcio","item":"https:\/\/shortmotorsport.com\/loja\/"},{"@type":"ListItem","position":2,"name":"Inicio"}]},{"@type":"WebSite","@id":"https:\/\/shortmotorsport.com\/loja\/#website","url":"https:\/\/shortmotorsport.com\/loja\/","name":"","description":"","publisher":{"@id":"https:\/\/shortmotorsport.com\/loja\/#organization"},"potentialAction":[{"@type":"SearchAction","target":{"@type":"EntryPoint","urlTemplate":"https:\/\/shortmotorsport.com\/loja\/?s={search_term_string}"},"query-input":"required name=search_term_string"}],"inLanguage":"pt-BR"},{"@type":"Organization","@id":"https:\/\/shortmotorsport.com\/loja\/#organization","name":"Short Motorsport","url":"https:\/\/shortmotorsport.com\/loja\/","logo":{"@type":"ImageObject","inLanguage":"pt-BR","@id":"https:\/\/shortmotorsport.com\/loja\/#\/schema\/logo\/image\/","url":"https:\/\/shortmotorsport.com\/loja\/wp-content\/uploads\/2017\/11\/logo.png","contentUrl":"https:\/\/shortmotorsport.com\/loja\/wp-content\/uploads\/2017\/11\/logo.png","width":500,"height":96,"caption":"Short Motorsport"},"image":{"@id":"https:\/\/shortmotorsport.com\/loja\/#\/schema\/logo\/image\/"},"sameAs":["https:\/\/www.facebook.com\/shortmotorsport\/"]}]}},"_links":{"self":[{"href":"https:\/\/shortmotorsport.com\/loja\/wp-json\/wp\/v2\/pages\/136"}],"collection":[{"href":"https:\/\/shortmotorsport.com\/loja\/wp-json\/wp\/v2\/pages"}],"about":[{"href":"https:\/\/shortmotorsport.com\/loja\/wp-json\/wp\/v2\/types\/page"}],"author":[{"embeddable":true,"href":"https:\/\/shortmotorsport.com\/loja\/wp-json\/wp\/v2\/users\/1"}],"replies":[{"embeddable":true,"href":"https:\/\/shortmotorsport.com\/loja\/wp-json\/wp\/v2\/comments?post=136"}],"version-history":[{"count":79,"href":"https:\/\/shortmotorsport.com\/loja\/wp-json\/wp\/v2\/pages\/136\/revisions"}],"predecessor-version":[{"id":2652,"href":"https:\/\/shortmotorsport.com\/loja\/wp-json\/wp\/v2\/pages\/136\/revisions\/2652"}],"wp:attachment":[{"href":"https:\/\/shortmotorsport.com\/loja\/wp-json\/wp\/v2\/media?parent=136"}],"curies":[{"name":"wp","href":"https:\/\/api.w.org\/{rel}","templated":true}]}}